93144 and 7544.
8
Calculate the greatest common factor of 1286908 and 2590336.
1652
Calculate the highest common factor of 14 and 182634.
2
Calculate the highest common divisor of 496 and 58700608.
496
Calculate the greatest common factor of 810 and 968710.
10
What is the greatest common divisor of 61934 and 284758?
346
What is the greatest common factor of 389880 and 1615?
95
What is the highest common divisor of 4704 and 4228161?
147
What is the greatest common divisor of 15106665 and 3465?
105
What is the highest common divisor of 487988 and 172?
4
What is the highest common divisor of 82578222 and 54?
18
What is the highest common divisor of 92938214 and 290?
58
Calculate the greatest common divisor of 25980310 and 5860.
2930
What is the greatest common factor of 937 and 477333099?
937
Calculate the highest common divisor of 10526721 and 885.
177
What is the greatest common divisor of 306 and 658500?
6
What is the greatest common factor of 1079 and 12839047?
13
Calculate the greatest common divisor of 8646018 and 18.
6
What is the greatest common divisor of 82239 and 224676?
237
What is the highest common divisor of 1207344 and 3768?
24
Calculate the highest common factor of 4255146 and 4032.
126
Calculate the greatest common divisor of 810 and 44471835.
405
Calculate the greatest common factor of 3824 and 2497136.
16
What is the greatest common factor of 14922375 and 20085?
195
Calculate the highest common divisor of 64 and 29872528.
16
What is the greatest common divisor of 19472 and 344411?
1217
Calculate the greatest common divisor of 41970381 and 489.
489
What is the greatest common divisor of 3246306 and 147?
21
What is the highest common divisor of 2576822145 and 15?
15
Calculate the greatest common factor of 104373 and 27954.
9
Calculate the highest common divisor of 2383789 and 46.
23
What is the highest common divisor of 70816 and 4384?
32
Calculate the greatest common divisor of 259515207 and 189.
63
Calculate the highest common divisor of 572336335 and 190.
95
What is the highest common factor of 56 and 13795096?
56
What is the greatest common divisor of 23366296 and 136?
136
Calculate the highest common factor of 31035405 and 35175.
1005
What is the greatest common divisor of 326648 and 69692?
532
Calculate the highest common divisor of 613 and 521563694.
613
Calculate the greatest common divisor of 881474 and 4635.
103
Calculate the greatest common factor of 1520 and 10143712.
16
What is the highest common factor of 6 and 634056162?
6
What is the highest common divisor of 180138 and 2226?
42
Calculate the greatest common factor of 747296 and 24684.
484
Calculate the highest common factor of 203755538 and 1162.
1162
What is the highest common divisor of 3 and 14663487?
3
What is the highest common divisor of 2024 and 233069672?
2024
Calculate the highest common divisor of 100259 and 27499.
107
What is the highest common divisor of 350125238 and 122?
122
What is the greatest common divisor of 4837027 and 1202767?
8653
Calculate the greatest common divisor of 1096 and 98154472.
1096
Calculate the highest common factor of 1059 and 2514513957.
1059
What is the greatest common factor of 3515 and 43635913?
703
What is the highest common divisor of 4553214 and 4482?
498
What is the highest common divisor of 151969233 and 244863?
9069
Calculate the highest common divisor of 5589 and 1420767.
27
Calculate the greatest common divisor of 31495957 and 237.
79
Calculate the highest common divisor of 23616 and 47323840.
2624
Calculate the highest common factor of 340 and 1513860.
20
Calculate the greatest common divisor of 1722 and 1402446.
246
What is the greatest common factor of 2636209 and 2456?
307
Calculate the highest common factor of 440 and 9928320.
40
What is the highest common factor of 20766260 and 240?
20
What is the highest common factor of 1500272 and 442?
2
Calculate the highest common factor of 894352 and 200.
8
Calculate the greatest common divisor of 120 and 7044384.
24
What is the highest common factor of 13289805 and 1485?
135
Calculate the highest common divisor of 99168167 and 658.
329
What is the greatest common factor of 372695 and 514945?
2845
Calculate the highest common divisor of 269241060 and 960.
60
What is the highest common divisor of 17360 and 13885?
5
Calculate the highest common factor of 240 and 1128336.
48
Calculate the greatest common factor of 70 and 740664.
2
Calculate the highest common divisor of 254632110 and 570.
570
What is the greatest common divisor of 1989780 and 351?
39
Calculate the highest common factor of 2524443 and 8586.
159
Calculate the highest common factor of 6620404 and 15008.
1876
Calculate the greatest common factor of 57035 and 18301525.
3355
What is the highest common factor of 7722 and 368049?
33
What is the highest common factor of 8132636 and 8?
4
Calculate the highest common factor of 1134 and 118931085.
567
Calculate the highest common factor of 428572 and 185668.
1396
Calculate the greatest common divisor of 656 and 767251696.
656
What is the highest common divisor of 71041 and 2505130?
3739
What is the greatest common factor of 1655363 and 59?
59
What is the greatest common factor of 116766 and 924768?
234
Calculate the greatest common factor of 1204 and 79157582.
602
Calculate the highest common factor of 9118390 and 265.
5
What is the highest common factor of 296 and 222251896?
296
Calculate the greatest common divisor of 5258513 and 2231.
23
What is the greatest common factor of 142994 and 2194041?
53
What is the greatest common divisor of 2322 and 111501279?
1161
Calculate the highest common factor of 3196363 and 1099.
157
Calculate the highest common divisor of 13504 and 98537.
211
What is the highest common factor of 974518 and 9978?
3326
What is the highest common divisor of 864977 and 1445?
289
What is the greatest common divisor of 201 and 55913711?
67
Calculate the highest common divisor of 3481398 and 255012.
1614
Calculate the highest common factor of 106008 and 966.
42
Calculate the highest common factor of 350 and 200620.
70
What is the greatest common factor of 12264 and 285096?
168
What is the highest common divisor of 68843 and 1525753?
1601
What is the highest common divisor of 3198 and 7197762?
78
Calculate the highest common divisor of 168 and 42054656.
56
Calculate the greatest common factor of 309663 and 324.
81
What is the highest common factor of 467 and 91892057?
467
Calculate the greatest common divisor of 336810 and 21870.
30
Calculate the highest common divisor of 6 and 557737.
1
What is the greatest common divisor of 16 and 227149232?
16
What is the highest common divisor of 1970 and 51043882?
394
Calculate the highest common factor of 578864238 and 906.
906
Calculate the greatest common divisor of 50461384 and 104.
8
What is the highest common divisor of 65254 and 1907234?
826
Calculate the greatest common factor of 102660 and 37990.
290
What is the greatest common divisor of 1380 and 1111260?
60
What is the highest common divisor of 48 and 522384?
48
What is the highest common divisor of 6 and 50560293?
3
Calculate the greatest common factor of 74 and 1817606537.
37
Calculate the greatest common factor of 7040708 and 83351.
4903
Calculate the highest common factor of 11407200 and 54390.
1470
What is the highest common factor of 2870 and 11762695?
1435
What is the greatest common divisor of 963 and 56329401?
321
What is the greatest common factor of 600 and 785000?
200
Calculate the greatest common divisor of 385057134 and 1514.
1514
What is the highest common divisor of 7123 and 61?
1
What is the highest common divisor of 240189300 and 65?
65
What is the highest common factor of 86633854 and 1592?
398
Calculate the highest common factor of 33 and 7525749.
33
What is the greatest common factor of 155 and 6957981?
31
Calculate the highest common factor of 5123936 and 6256.
272
Calculate the greatest common factor of 11180 and 4096560.
260
What is the highest common factor of 1941480 and 12?
12
Calculate the highest common divisor of 1994 and 11336887.
997
Calculate the greatest common factor of 61860960 and 2040.
2040
What is the highest common divisor of 29772 and 725520?
12
Calculate the highest common divisor of 4735315 and 15235.
138